{"id":618,"date":"2013-03-21T13:01:14","date_gmt":"2013-03-21T11:01:14","guid":{"rendered":"http:\/\/www.guenter-reifert.com\/?page_id=618"},"modified":"2013-05-10T19:42:41","modified_gmt":"2013-05-10T17:42:41","slug":"profil","status":"publish","type":"page","link":"https:\/\/www.mirko-reifert.de\/?page_id=618","title":{"rendered":"Profil"},"content":{"rendered":"<p>Unser Unternehmen wurde 1991 in Ottmannshausen in der N\u00e4he von Weimar gegr\u00fcndet und ist heute als Familienbetrieb mit 5 Angestellten t\u00e4tig. Anfang 2004 bildete sich aus der Gr\u00fcndungsfirma &#8222;G\u00fcnter Reifert&#8220; die Firma &#8222;G\u00fcnter Reifert u. Sohn GbR&#8220; heraus. Wir sind Ihr Ausr\u00fcster von Kfz-Werkst\u00e4tten und bieten Ihnen hierzu Beratung, Verkauf und Service.<br \/>\nF\u00fcr renommierte deutsche Hersteller von Werkstatt-Technik, wie die Firmen &#8222;Nu\u00dfbaum&#8220; und &#8222;Beissbarth&#8220; sind wir autorisierter Vertriebs- und Servicepartner. Auf Wunsch beraten wir Sie vor Ort umfangreich zu allen Einrichtungen einer Kfz-Werkstatt. Sie bekommen ein individuelles, auf Sie zugeschnittenes Angebot. Profitieren Sie von unserer langj\u00e4hrigen Erfahrung im Einrichten von Vertragswerkst\u00e4tten und freien Werkst\u00e4tten. Wir haben eine Vielzahl von Qualit\u00e4tsprodukten im Angebot.<\/p>\n<p>Auf Wunsch erhalten Sie eine Referenzliste, in der sich auch ein von uns eingerichtetes Autohaus in Ihrer N\u00e4he finden wird.<\/p>\n<p>Hersteller- und Produkt\u00fcbersicht<\/p>\n<p>Nussbaum &#8211; Hebetechnik<br \/>\nBeissbarth &#8211; Achsmessger\u00e4te, Wuchtmaschinen, Montiermaschinen, Klimaserviceger\u00e4te, Pr\u00fcfstra\u00dfen, Bremsenpr\u00fcfst\u00e4nde<br \/>\nNederman &#8211; Abgasabsauganlagen<br \/>\nAC &#8211; Werkstattger\u00e4te<br \/>\nSchneider &#8211; Kompressoren, Drucklufttechnik<br \/>\nF\u00fcr alle von uns verkauften Produkte \u00fcbernehmen wir den Service. Bei uns ist Ihre gesamte Werkstatt-Technik in einer guten Hand.<\/p>\n","protected":false},"excerpt":{"rendered":"<p>Unser Unternehmen wurde 1991 in Ottmannshausen in der N\u00e4he von Weimar gegr\u00fcndet und ist heute als Familienbetrieb mit 5 Angestellten t\u00e4tig. Anfang 2004 bildete sich&hellip;<\/p>\n","protected":false},"author":3,"featured_media":0,"parent":0,"menu_order":7,"comment_status":"closed","ping_status":"closed","template":"","meta":{"footnotes":""},"class_list":["post-618","page","type-page","status-publish","hentry"],"_links":{"self":[{"href":"https:\/\/www.mirko-reifert.de\/index.php?rest_route=\/wp\/v2\/pages\/618","targetHints":{"allow":["GET"]}}],"collection":[{"href":"https:\/\/www.mirko-reifert.de\/index.php?rest_route=\/wp\/v2\/pages"}],"about":[{"href":"https:\/\/www.mirko-reifert.de\/index.php?rest_route=\/wp\/v2\/types\/page"}],"author":[{"embeddable":true,"href":"https:\/\/www.mirko-reifert.de\/index.php?rest_route=\/wp\/v2\/users\/3"}],"replies":[{"embeddable":true,"href":"https:\/\/www.mirko-reifert.de\/index.php?rest_route=%2Fwp%2Fv2%2Fcomments&post=618"}],"version-history":[{"count":6,"href":"https:\/\/www.mirko-reifert.de\/index.php?rest_route=\/wp\/v2\/pages\/618\/revisions"}],"predecessor-version":[{"id":1538,"href":"https:\/\/www.mirko-reifert.de\/index.php?rest_route=\/wp\/v2\/pages\/618\/revisions\/1538"}],"wp:attachment":[{"href":"https:\/\/www.mirko-reifert.de\/index.php?rest_route=%2Fwp%2Fv2%2Fmedia&parent=618"}],"curies":[{"name":"wp","href":"https:\/\/api.w.org\/{rel}","templated":true}]}}