{"id":159,"date":"2013-03-10T17:10:16","date_gmt":"2013-03-10T15:10:16","guid":{"rendered":"http:\/\/www.guenter-reifert.com\/?page_id=159"},"modified":"2026-01-18T17:02:30","modified_gmt":"2026-01-18T16:02:30","slug":"klimaservicegerate","status":"publish","type":"page","link":"https:\/\/www.mirko-reifert.de\/?page_id=159","title":{"rendered":"Klimaserviceger\u00e4te"},"content":{"rendered":"\n<div class=\"wp-block-columns is-layout-flex wp-container-core-columns-is-layout-9d6595d7 wp-block-columns-is-layout-flex\">\n<div class=\"wp-block-column is-layout-flow wp-block-column-is-layout-flow\">\n<h3 class=\"wp-block-heading has-text-align-center\">KONFORT 707 Touch<\/h3>\n\n\n\n<p class=\"has-text-align-center\">707 Off Road f\u00fcr<br>R134a oder&nbsp;R1234yf<\/p>\n\n\n\n<figure class=\"wp-block-image size-full\"><img loading=\"lazy\" decoding=\"async\" width=\"582\" height=\"870\" src=\"https:\/\/www.mirko-reifert.de\/wp-content\/uploads\/707.jpg\" alt=\"\" class=\"wp-image-2679\" srcset=\"https:\/\/www.mirko-reifert.de\/wp-content\/uploads\/707.jpg 582w, https:\/\/www.mirko-reifert.de\/wp-content\/uploads\/707-201x300.jpg 201w, https:\/\/www.mirko-reifert.de\/wp-content\/uploads\/707-100x150.jpg 100w\" sizes=\"auto, (max-width: 582px) 100vw, 582px\" \/><\/figure>\n\n\n\n<div class=\"wp-block-buttons is-layout-flex wp-block-buttons-is-layout-flex\">\n<div class=\"wp-block-button is-style-outline is-style-outline--1\"><a class=\"wp-block-button__link has-text-align-center wp-element-button\" href=\"http:\/\/www.mirko-reifert.de\/wp-content\/uploads\/Loesungen_KONFORT_Serie_700_de-DE_V10.pdf\" target=\"_blank\" rel=\"noreferrer noopener\">Beschreibung<\/a><\/div>\n<\/div>\n<\/div>\n\n\n\n<div class=\"wp-block-column is-layout-flow wp-block-column-is-layout-flow\">\n<h3 class=\"wp-block-heading has-text-align-center\">KONFORT 760 Touch<\/h3>\n\n\n\n<p class=\"has-text-align-center\">760 BUS Touch<br>f\u00fcr&nbsp;R134a oder R1234yff<\/p>\n\n\n\n<figure class=\"wp-block-image size-full\"><img loading=\"lazy\" decoding=\"async\" width=\"514\" height=\"706\" src=\"https:\/\/www.mirko-reifert.de\/wp-content\/uploads\/760-1.jpg\" alt=\"\" class=\"wp-image-2682\" srcset=\"https:\/\/www.mirko-reifert.de\/wp-content\/uploads\/760-1.jpg 514w, https:\/\/www.mirko-reifert.de\/wp-content\/uploads\/760-1-218x300.jpg 218w, https:\/\/www.mirko-reifert.de\/wp-content\/uploads\/760-1-109x150.jpg 109w\" sizes=\"auto, (max-width: 514px) 100vw, 514px\" \/><\/figure>\n\n\n\n<div class=\"wp-block-buttons is-layout-flex wp-block-buttons-is-layout-flex\">\n<div class=\"wp-block-button is-style-outline is-style-outline--2\"><a class=\"wp-block-button__link has-text-align-center wp-element-button\" href=\"http:\/\/www.mirko-reifert.de\/wp-content\/uploads\/Loesungen_KONFORT_Serie_700_de-DE_V10.pdf\" target=\"_blank\" rel=\"noreferrer noopener\">Beschreibung<\/a><\/div>\n<\/div>\n<\/div>\n\n\n\n<div class=\"wp-block-column is-layout-flow wp-block-column-is-layout-flow\">\n<h3 class=\"wp-block-heading has-text-align-center\">KONFORT 780 Touch<\/h3>\n\n\n\n<p class=\"has-text-align-center\">Bi-Gas<br>f\u00fcr R134a <strong>und<\/strong>&nbsp;R1234yf<\/p>\n\n\n\n<figure class=\"wp-block-image size-full\"><img loading=\"lazy\" decoding=\"async\" width=\"541\" height=\"714\" src=\"https:\/\/www.mirko-reifert.de\/wp-content\/uploads\/780.jpg\" alt=\"\" class=\"wp-image-2683\" srcset=\"https:\/\/www.mirko-reifert.de\/wp-content\/uploads\/780.jpg 541w, https:\/\/www.mirko-reifert.de\/wp-content\/uploads\/780-227x300.jpg 227w, https:\/\/www.mirko-reifert.de\/wp-content\/uploads\/780-114x150.jpg 114w\" sizes=\"auto, (max-width: 541px) 100vw, 541px\" \/><\/figure>\n\n\n\n<div class=\"wp-block-buttons is-layout-flex wp-block-buttons-is-layout-flex\">\n<div class=\"wp-block-button is-style-outline is-style-outline--3\"><a class=\"wp-block-button__link has-text-align-center wp-element-button\" href=\"http:\/\/www.mirko-reifert.de\/wp-content\/uploads\/Loesungen_KONFORT_Serie_700_de-DE_V10.pdf\" target=\"_blank\" rel=\"noreferrer noopener\">Beschreibung<\/a><\/div>\n<\/div>\n<\/div>\n<\/div>\n\n\n\n<div class=\"wp-block-columns is-layout-flex wp-container-core-columns-is-layout-9d6595d7 wp-block-columns-is-layout-flex\">\n<div class=\"wp-block-column is-layout-flow wp-block-column-is-layout-flow\">\n<h3 class=\"wp-block-heading has-text-align-center\">KONFORT 770 S<\/h3>\n\n\n\n<p class=\"has-text-align-center\">f\u00fcr&nbsp; R134a oder&nbsp; R1234yf<br>mit vielen OEM-Freigaben<\/p>\n\n\n\n<figure class=\"wp-block-image size-full\"><img loading=\"lazy\" decoding=\"async\" width=\"331\" height=\"498\" src=\"https:\/\/www.mirko-reifert.de\/wp-content\/uploads\/770S.jpg\" alt=\"\" class=\"wp-image-2684\" srcset=\"https:\/\/www.mirko-reifert.de\/wp-content\/uploads\/770S.jpg 331w, https:\/\/www.mirko-reifert.de\/wp-content\/uploads\/770S-199x300.jpg 199w, https:\/\/www.mirko-reifert.de\/wp-content\/uploads\/770S-100x150.jpg 100w\" sizes=\"auto, (max-width: 331px) 100vw, 331px\" \/><\/figure>\n\n\n\n<div class=\"wp-block-buttons is-layout-flex wp-block-buttons-is-layout-flex\">\n<div class=\"wp-block-button is-style-outline is-style-outline--4\"><a class=\"wp-block-button__link has-text-align-center wp-element-button\" href=\"http:\/\/www.mirko-reifert.de\/wp-content\/uploads\/Loesungen_KONFORT_Serie_700_de-DE_V10.pdf\" target=\"_blank\" rel=\"noreferrer noopener\">Beschreibung<\/a><\/div>\n<\/div>\n<\/div>\n\n\n\n<div class=\"wp-block-column is-layout-flow wp-block-column-is-layout-flow\">\n<h3 class=\"wp-block-heading has-text-align-center\">KONFORT 744 CO2<\/h3>\n\n\n\n<p class=\"has-text-align-center\"><\/p>\n\n\n\n<figure class=\"wp-block-image size-full\"><img loading=\"lazy\" decoding=\"async\" width=\"396\" height=\"611\" src=\"https:\/\/www.mirko-reifert.de\/wp-content\/uploads\/744.jpg\" alt=\"\" class=\"wp-image-2685\" srcset=\"https:\/\/www.mirko-reifert.de\/wp-content\/uploads\/744.jpg 396w, https:\/\/www.mirko-reifert.de\/wp-content\/uploads\/744-194x300.jpg 194w, https:\/\/www.mirko-reifert.de\/wp-content\/uploads\/744-97x150.jpg 97w\" sizes=\"auto, (max-width: 396px) 100vw, 396px\" \/><\/figure>\n\n\n\n<div class=\"wp-block-buttons is-layout-flex wp-block-buttons-is-layout-flex\">\n<div class=\"wp-block-button is-style-outline is-style-outline--5\"><a class=\"wp-block-button__link has-text-align-center wp-element-button\" href=\"http:\/\/www.mirko-reifert.de\/wp-content\/uploads\/Loesungen_KONFORT_Serie_700_de-DE_V10.pdf\" target=\"_blank\" rel=\"noreferrer noopener\">Beschreibung<\/a><\/div>\n<\/div>\n<\/div>\n\n\n\n<div class=\"wp-block-column is-layout-flow wp-block-column-is-layout-flow\">\n<h3 class=\"wp-block-heading has-text-align-center\">Zubeh\u00f6r<\/h3>\n\n\n\n<p class=\"has-text-align-center\"><br><\/p>\n\n\n\n<figure class=\"wp-block-image size-full is-resized\"><img loading=\"lazy\" decoding=\"async\" width=\"161\" height=\"162\" src=\"https:\/\/www.mirko-reifert.de\/wp-content\/uploads\/Analyse.jpg\" alt=\"\" class=\"wp-image-2686\" style=\"aspect-ratio:0.9938366484364503;width:259px;height:auto\" srcset=\"https:\/\/www.mirko-reifert.de\/wp-content\/uploads\/Analyse.jpg 161w, https:\/\/www.mirko-reifert.de\/wp-content\/uploads\/Analyse-150x150.jpg 150w\" sizes=\"auto, (max-width: 161px) 100vw, 161px\" \/><\/figure>\n\n\n\n<div class=\"wp-block-buttons is-layout-flex wp-block-buttons-is-layout-flex\">\n<div class=\"wp-block-button is-style-outline is-style-outline--6\"><a class=\"wp-block-button__link has-text-align-center wp-element-button\" href=\"http:\/\/www.mirko-reifert.de\/wp-content\/uploads\/Loesungen_KONFORT_Serie_700_de-DE_V10.pdf\" target=\"_blank\" rel=\"noreferrer noopener\">Beschreibung<\/a><\/div>\n<\/div>\n<\/div>\n<\/div>\n","protected":false},"excerpt":{"rendered":"<p>KONFORT 707 Touch 707 Off Road f\u00fcrR134a oder&nbsp;R1234yf KONFORT 760 Touch 760 BUS Touchf\u00fcr&nbsp;R134a oder R1234yff KONFORT 780 Touch Bi-Gasf\u00fcr R134a und&nbsp;R1234yf KONFORT 770 S&hellip;<\/p>\n","protected":false},"author":3,"featured_media":2493,"parent":4,"menu_order":6,"comment_status":"closed","ping_status":"closed","template":"","meta":{"footnotes":""},"class_list":["post-159","page","type-page","status-publish","has-post-thumbnail","hentry"],"_links":{"self":[{"href":"https:\/\/www.mirko-reifert.de\/index.php?rest_route=\/wp\/v2\/pages\/159","targetHints":{"allow":["GET"]}}],"collection":[{"href":"https:\/\/www.mirko-reifert.de\/index.php?rest_route=\/wp\/v2\/pages"}],"about":[{"href":"https:\/\/www.mirko-reifert.de\/index.php?rest_route=\/wp\/v2\/types\/page"}],"author":[{"embeddable":true,"href":"https:\/\/www.mirko-reifert.de\/index.php?rest_route=\/wp\/v2\/users\/3"}],"replies":[{"embeddable":true,"href":"https:\/\/www.mirko-reifert.de\/index.php?rest_route=%2Fwp%2Fv2%2Fcomments&post=159"}],"version-history":[{"count":13,"href":"https:\/\/www.mirko-reifert.de\/index.php?rest_route=\/wp\/v2\/pages\/159\/revisions"}],"predecessor-version":[{"id":2693,"href":"https:\/\/www.mirko-reifert.de\/index.php?rest_route=\/wp\/v2\/pages\/159\/revisions\/2693"}],"up":[{"embeddable":true,"href":"https:\/\/www.mirko-reifert.de\/index.php?rest_route=\/wp\/v2\/pages\/4"}],"wp:featuredmedia":[{"embeddable":true,"href":"https:\/\/www.mirko-reifert.de\/index.php?rest_route=\/wp\/v2\/media\/2493"}],"wp:attachment":[{"href":"https:\/\/www.mirko-reifert.de\/index.php?rest_route=%2Fwp%2Fv2%2Fmedia&parent=159"}],"curies":[{"name":"wp","href":"https:\/\/api.w.org\/{rel}","templated":true}]}}